300?
False
Is 1770 a factor of 2159833650?
True
Is 15 a factor of 133987449?
False
Is 3037092 a multiple of 4?
True
Does 583 divide 5870628?
False
Is 9 a factor of 21422115?
True
Is 1091299243 a multiple of 138?
False
Is 18 a factor of 36137214?
True
Is 19519199 a multiple of 12?
False
Does 114 divide 887490?
True
Does 977 divide 30800653?
False
Is 63630464 a multiple of 28?
False
Is 76224894 a multiple of 78?
False
Is 561 a factor of 2391714666?
True
Is 53980597 a multiple of 2646?
False
Does 45 divide 792754155?
True
Is 549604813 a multiple of 97?
True
Is 18 a factor of 58317372?
True
Is 519 a factor of 40969341?
True
Does 563 divide 80258545?
False
Is 151 a factor of 5995002?
True
Does 2 divide 4083861?
False
Is 17181123 a multiple of 151?
False
Is 4976259810 a multiple of 465?
True
Is 192 a factor of 2013281685?
False
Is 41 a factor of 27000105?
False
Is 10 a factor of 282426933?
False
Does 307 divide 37384311?
True
Is 2 a factor of 68848?
True
Is 2202251 a multiple of 68?
False
Is 19645528 a multiple of 4?
True
Is 1624480 a multiple of 2?
True
Is 7 a factor of 12303018?
True
Is 503 a factor of 316962849?
False
Does 312 divide 442151112?
True
Is 117505603 a multiple of 271?
False
Is 728 a factor of 2365043131?
False
Is 1838302950 a multiple of 825?
True
Is 1618560 a multiple of 128?
True
Does 766 divide 199772157?
False
Is 592565987 a multiple of 9?
False
Is 108 a factor of 12387682?
False
Does 152 divide 120783456?
True
Is 156 a factor of 34717275?
False
Is 229 a factor of 29816029?
True
Is 51 a factor of 279068583?
True
Is 120 a factor of 31751640?
True
Does 77 divide 2206110153?
False
Is 1190 a factor of 26463220?
True
Is 476716860 a multiple of 2070?
True
Is 73530876 a multiple of 246?
True
Is 20 a factor of 79997701?
False
Is 5966916 a multiple of 148?
True
Is 15 a factor of 478812435?
True
Is 759960937 a multiple of 873?
False
Does 39 divide 10888800?
True
Does 15 divide 22351125?
True
Is 14 a factor of 20647758?
False
Is 21 a factor of 9505510?
False
Is 471899789 a multiple of 2881?
False
Is 20876138 a multiple of 80?
False
Is 1952169300 a multiple of 2575?
True
Does 397 divide 61163805?
True
Is 863 a factor of 20591180?
True
Is 1026 a factor of 2969476902?
True
Does 3671 divide 155944080?
True
Is 2551042 a multiple of 118?
True
Is 908 a factor of 84305076?
True
Is 6999304 a multiple of 248?
True
Is 29 a factor of 1844186250?
False
Is 1203 a factor of 14563518?
True
Is 433 a factor of 15427826?
False
Is 5727 a factor of 2030859820?
False
Does 132 divide 357706346?
False
Is 96 a factor of 763511904?
True
Is 4 a factor of 1095035904?
True
Does 36 divide 2679692364?
True
Does 501 divide 428267325?
True
Is 70 a factor of 11960717?
False
Is 23 a factor of 1423235170?
True
Is 393389613 a multiple of 205?
False
Is 15425676 a multiple of 9?
True
Is 1025776072 a multiple of 67?
False
Does 885 divide 187385268?
False
Does 36 divide 88526778?
False
Does 13 divide 312804336?
True
Does 1978 divide 176042?
True
Is 566 a factor of 777469486?
True
Is 175 a factor of 37434775?
True
Is 75015272 a multiple of 8?
True
Is 2245 a factor of 50164525?
True
Does 127 divide 159803889?
False
Is 89716433 a multiple of 9?
False
Is 16 a factor of 761265200?
True
Is 139 a factor of 2566321833?
True
Is 22865006 a multiple of 41?
False
Is 691 a factor of 9770752?
False
Does 13 divide 8277231?
False
Is 235582804 a multiple of 34?
True
Does 78 divide 13939895?
False
Does 2628 divide 404410910?
False
Is 1121058900 a multiple of 4674?
True
Does 2437 divide 1570083308?
False
Is 12 a factor of 13459451?
False
Does 3606 divide 48681000?
True
Is 321802702 a multiple of 338?
True
Is 391634580 a multiple of 298?
True
Does 667 divide 295081467?
True
Is 116870563 a multiple of 13?
False
Does 37 divide 1589078183?
True
Is 27 a factor of 2387612322?
True
Is 21957795 a multiple of 85?
True
Is 321 a factor of 11956608?
True
Is 12 a factor of 155045028?
True
Is 56912381 a multiple of 13?
False
Is 18828517 a multiple of 255?
False
Does 20 divide 8227980?
True
Is 15 a factor of 214850096?
False
Does 443 divide 362868388?
True
Does 4 divide 5134000?
True
Does 138 divide 6089940?
True
Is 94523315 a multiple of 85?
True
Is 3987751599 a multiple of 117?
True
Does 158 divide 155131717?
False
Is 419755849 a multiple of 5357?
False
Does 1389 divide 2637711?
True
Is 46 a factor of 3997561706?
False
Is 30978678 a multiple of 2320?
False
Is 40796397 a multiple of 11?
False
Does 1236 divide 93715980?
False
Is 26 a factor of 12872522?
True
Is 316161423 a multiple of 2076?
False
Does 2356 divide 44594368?
True
Does 626 divide 20488980?
True
Is 2278 a factor of 80843942?
True
Does 653 divide 198011149?
True
Does 18 divide 91376262?
True
Does 1195 divide 54276900?
True
Is 847337190 a multiple of 11230?
True
Does 511 divide 204133258?
True
Does 194 divide 12181066?
True
Is 119 a factor of 1492434097?
True
Is 2716456262 a multiple of 13?
True
Does 1049 divide 33136949?
False
Is 3110787 a multiple of 10?
False
Does 148 divide 459841476?
True
Is 463 a factor of 2897554471?
True
Does 29 divide 988742298?
True
Is 55 a factor of 733211435?
True
Does 47 divide 339530734?
False
Is 500 a factor of 23234081?
False
Does 6389 divide 311810657?
False
Is 1351 a factor of 404737984?
True
Is 22436965 a multiple of 955?
False
Is 65093328 a multiple of 2544?
True
Is 234123 a multiple of 91?
False
Is 2238 a factor of 89296200?
True
Is 188601165 a multiple of 497?
False
Is 435 a factor of 5221034693?
False
Is 77 a factor of 2757986?
True
Does 745 divide 2519093285?
False
Is 819965664 a multiple of 224?
True
Does 290 divide 279383243?
False
Is 56969679 a multiple of 152?
False
Is 239985004 a multiple of 749?
False
Does 604 divide 8943664?
False
Is 20 a factor of 44423900?
True
Does 346 divide 127338380?
True
Does 100 divide 7223400?
True
Is 856 a factor of 215938458?
False
Is 19 a factor of 17488626?
True
Does 112 divide 2450906?
False
Is 257898251 a multiple of 37?
True
Is 108808196 a multiple of 94?
True
Is 756 a factor of 178750908?
True
Does 402 divide 98427018?
False
Does 54 divide 13681583?
False
Is 745 a factor of 677330199?
False
Is 29 a factor of 10875493?
True
Is 5 a factor of 1064943630?
True
Is 220 a factor of 64621480?
True
Is 333 a factor of 65488348?
False
Does 1098 divide 100357596?
False
Is 12 a factor of 3632151?
False
Is 396 a factor of 453348364?
False
Is 8 a factor of 1782708374?
False
Does 38 divide 176563304?
False
Is 2896 a factor of 287254240?
True
Is 34 a factor of 10956330?
True
Is 369 a factor of 196875522?
True
Does 17 divide 1071689?
False
Does 200 divide 247620072?
False
Is 6611189 a multiple of 17?
False
Does 1794 divide 9213984?
True
Is 705005774 a multiple of 121?
True
Does 4 divide 4337784?
True
Is 1017571635 a multiple of 1035?
True
Does 4 divide 164795428?
True
Does 58 divide 826461140?
True
Is 224149986 a multiple of 136?
False
Does 76 divide 512130788?
True
Is 382710231 a multiple of 201?
True
Is 558248040 a multiple of 68?
True
Does 13 divide 41478216?
True
Is 2649450271 a multiple of 252?
False
Does 10 divide 64188230?
True
Does 15 divide 19524722?
False
Is 38 a factor of 492275560?
True
Does 893 divide 19177750?
False
Is 8959007 a multiple of 2341?
True
Does 6 divide 6146826?
True
Is 112006872 a multiple of 617?
False
Is 548885428 a multiple of 13?
True
Is 90 a factor of 370420650?
True
Does 143 divide 1203340567?
True
Does 488 divide 78884712?
True
Is 426 a factor of 41132649?
False
Is 16 a factor of 160773750?
False
Does 3 divide 16508970?
True
Is 346415974 a multiple of 1402?
True
Is 69601680 a multiple of 3726?
True
Is 251 a factor of 2230496970?
False
Is 698135953 a multiple of 109?
True
Does 458 divide 18450240?
False
Is 1828 a factor of 30257000?
False
Does 17 divide 1045235140?
True
Is 18983876 a multiple of 436?
True
Does 481 divide 1696971622?
False
Does 63 divide 290882235?
False
Does 621 divide 668148134?
False
Does 8 divide 230559676?
False
Does 645 divide 458163495?
True
Is 987838215 a multiple of 11193?
True
Is 9994883 a multiple of 14?
False
Is 22 a factor of 219208286?
True
Is 39299289 a multiple of 1983?
False
Is 141 a factor of 6103185?
True
Is 255447712 a multiple of 241?
False
Is 3047 a factor of 6169483331?
True
Does 98 divide 226564436?
True
Is 104819